e 0 = 2*r - 5*x - 87, r - c*x - 45 = -0*r. What are the prime factors of r?
41
Let i = 210 + 231. List the prime factors of i.
3, 7
Let z be (-10 + 4 - -4) + 8. What are the prime factors of (-6)/(-9) + 386/z?
5, 13
Suppose 5*i + 16*i = 30450. List the prime factors of i.
2, 5, 29
Suppose 3*l - 966 = -3*g, 0 = 5*g - 4*l - 1147 - 445. Suppose -5*o - d = -0*d - g, 2*o + 5*d - 128 = 0. What are the prime factors of o?
2
Let n be (10/(-20))/((-1)/4). List the prime factors of (-29 + 21)*(-23)/n.
2, 23
Suppose 0 = -q - m - 7, -2*m - m = q + 9. Let h(b) = -16*b - 8. List the prime factors of h(q).
2, 11
Suppose -12 = f + 4*q, f - 43 = 4*q - 15. Let a(t) = -25*t + 23. Let w(g) = 17*g - 15. Let d(n) = -5*a(n) - 7*w(n). List the prime factors of d(f).
2, 19
Suppose -6*u + 13*u - 5719 = 0. What are the prime factors of u?
19, 43
Let h = 2081 - 1039. What are the prime factors of h?
2, 521
Let k be (-1)/2 + (-27)/(-6). Suppose 5*o - 10 = -2*m + 3*o, 12 = 2*m + k*o. List the prime factors of 2/m - 85/(-10).
3
Let n(d) be the third derivative of -d**4/12 - 4*d**3/3 + 10*d**2. List the prime factors of n(-8).
2
List the prime factors of (-1)/15*5*-4233.
17, 83
Let l(r) = -66*r**3 - 3*r - 3. Let i be l(-1). Suppose -15*v = -9*v - i. List the prime factors of v.
11
Let t(w) = 41*w - 68. List the prime factors of t(13).
3, 5, 31
Suppose 0 = -5*f - m + 1264, -5*f - 3*m + 1778 - 516 = 0. What are the prime factors of f?
11, 23
Let j be (18 + 2)*(-2)/(-8). Suppose -3*w - 8 = -2*w - 4*c, -j*w - 65 = 5*c. Let f(p) = -5*p - 22. What are the prime factors of f(w)?
2, 19
Suppose -4*a + 0*a + 3*g - 33 = 0, 5*a + 5*g + 50 = 0. Suppose 3*k - 3*i = 117, k + 4*i - 42 = -8. Let x = a + k. What are the prime factors of x?
29
Suppose 4*t = 0, -3*i + 10 + 14 = -5*t. Suppose 2*r - 368 = -2*v, 912 = i*v - 3*v - 3*r. List the prime factors of v.
3, 61
Let p(g) = -g**2 - 17*g + 3. Let x be p(-10). Let i be -10 + 11 - 1*x. Let c = i + 101. What are the prime factors of c?
29
Suppose 0 = -4*t - 0*t + 100. List the prime factors of 216 + 1*t/5.
13, 17
Let y = -443 - -1250. List the prime factors of y.
3, 269
List the prime factors of (-4)/(-6)*(2188 + 5).
2, 17, 43
Let k(x) = 11*x - 16. Let f(z) = -32*z + 49. Let g(j) = -2*f(j) - 7*k(j). List the prime factors of g(-6).
2, 23
Let v(b) = -b**3 + 13*b**2 + 22*b + 18. What are the prime factors of v(11)?
2, 251
Let w(a) = -a**3 + 5*a**2 - 10. Let x be w(4). List the prime factors of (-2)/(x/(-15) + 228/645).
43
What are the prime factors of ((-6346)/57)/(8/(-84))?
7, 167
Let t(n) = -9*n**3 - n**2 - 3*n + 3. Let s be t(2). Let v = s - -154. List the prime factors of v.
3, 5
Let w(g) = 2*g**2 + 49*g - 10. Let m be w(-24). Let i = 113 + m. What are the prime factors of i?
79
Suppose 23 = -3*x - 4*p, 3*x + 2 = -2*p - 11. List the prime factors of (-89 + x)/(35/(-7) - -4).
2, 3, 5
Let n be (-13)/(-13) - 0/2. Let h be (125 + 5)*(n + 1). Suppose -3*j + 174 = -3*r, 0 = -2*j - 3*j - 5*r + h. List the prime factors of j.
5, 11
Suppose -3*f = 4*l + 919, -5*f - 1521 = 3*l + l. Let p = f + 487. List the prime factors of p.
2, 3, 31
Suppose 2*w - 5 = 2*q - 9, 3*w - 5*q + 10 = 0. Suppose 4*k = -4*c + 124, -3*c + k + 4*k + 101 = w. What are the prime factors of c?
2
Let r be 0 + (-45)/(3 + 0). Let n = -74 + 134. Let x = r + n. What are the prime factors of x?
3, 5
Suppose 0 = k - 2*k + 2. Suppose -n - k*m + 28 = -40, -2*n = -3*m - 129. List the prime factors of n.
2, 3, 11
Suppose -d + 74 = 3*d + 2*y, 2*y = 2. Suppose -9 - 351 = -d*k. What are the prime factors of k?
2, 5
Suppose -4 = 4*b - 2*b. Let l be 145/(b/(6/3)). What are the prime factors of (-2)/(-4) - l/10?
3, 5
Let p(o) = -81*o - 48. What are the prime factors of p(-8)?
2, 3, 5
Let s(b) = -b**3 - 4*b**2 + 4*b + 5. Suppose 2 = 4*d - 6. Suppose 3*f + d - 20 = 5*i, 0 = -5*i + 2*f - 22. List the prime factors of s(i).
53
Let f be ((-3 - -5) + 4)*6. Suppose f - 12 = 4*v. What are the prime factors of v?
2, 3
Let z(v) = -10*v - 4. Let a be z(-2). Suppose 4*m - 13 = 3*w, m + 3*w + 0 = 7. Let n = a - m. What are the prime factors of n?
2, 3
Suppose -4*p + 1 = -b + 91, -3*b = -3*p - 279. What are the prime factors of b?
2, 47
Let h(p) = p**3 + p**3 - 5*p**2 - p - 8*p**2 + 1 - p**3. Let z be h(13). What are the prime factors of (-656)/(-28) - z/(-28)?
23
Suppose 2*v - 6*h = -h + 1117, 5 = -h. What are the prime factors of v?
2, 3, 7, 13
Let d(n) = n**3 + 3*n**2 + 4*n - 4. Let v be d(-4). Let x = -20 - v. List the prime factors of ((-84)/x)/(3/(-8)).
2, 7
Suppose -4*z = 12, -4*l - 3*z + 24 + 95 = 0. Let m = 0 + l. What are the prime factors of m?
2
Let i(s) = 12*s**3 + s**2 + 2*s - 24. What are the prime factors of i(3)?
3, 5, 7
Suppose 4*a = 3*d - 147 - 1628, -4*d + 2367 = -5*a. List the prime factors of d.
593
Suppose 20*f = 47*f - 36234. List the prime factors of f.
2, 11, 61
Let d be 35 - (0 + -2 + 5). Let f = -4 + 7. Suppose m = f*m - d. List the prime factors of m.
2
Suppose 3*u + 3*y = 18, y + 0 + 12 = u. List the prime factors of (u/(-2) - -4)*-40.
2, 5
Let o(w) = 8*w**3 - 13*w**2 + 27*w - 180. List the prime factors of o(9).
2, 3, 269
Let y = -5253 - -8550. List the prime factors of y.
3, 7, 157
Let t(i) = -i - 2. Let z be t(-5). Suppose 0*q - 3*q + 6 = 0, 53 = z*d + 4*q. Suppose 108 = 3*v - 4*y, -v + 2 + d = 5*y. List the prime factors of v.
2
Let z(n) = -n**3 - 3*n**2 - 4*n - 3. Let v = 6 + -16. Let r = v + 7. List the prime factors of z(r).
3
Suppose 5*y - 2*y = -3*n - 3, 4*y - 3*n = 17. Let i(v) = v**3 - 5*v**2 - 5*v + 4. Let a be i(6). Suppose y*s = a + 24. What are the prime factors of s?
17
Suppose 454 = y - l, l = y + 4*l - 450. What are the prime factors of y?
3, 151
Let s(r) = r - 9. Let w be s(-8). Let j = w - -36. List the prime factors of j.
19
Suppose 5*i - 3*a - 12456 = 0, 3*i + 0*a + 5*a - 7460 = 0. List the prime factors of i.
2, 3, 5, 83
Let n = -166 - -97. What are the prime factors of (4 + -8 - n) + -4?
61
Suppose -4*l + 2*l = -42. Suppose 4*b = l - 653. Let x = b - -230. List the prime factors of x.
2, 3
Suppose -t - t - 4*l = -120, -2*t + 3*l + 127 = 0. List the prime factors of t.
2, 31
Let m be ((-36)/(-27))/((-8)/(-18)). Suppose -5*b + 40 = 6*f - f, m*b = 3. Let s = -4 + f. List the prime factors of s.
3
Let n = 937 + -928. Let u(s) = 2 - 3*s**3 + 6*s + 5*s**3 - 9*s**2 - s**3. List the prime factors of u(n).
2, 7
Let t(g) = 5*g**2 + 5*g + 1. Let s be t(4). Let u = s + -47. List the prime factors of u.
2, 3
Let q = -178 + 310. Suppose -q = -2*r - 4*c, 0*c - 135 = -2*r - 5*c. List the prime factors of r.
2, 3, 5
Suppose 0 = -4*m - c - 4*c - 937, -2*c = m + 232. What are the prime factors of (m/4)/(8/(-32))?
2, 7, 17
Suppose h + 0*h + 7 = 2*k, 2*k - 25 = -5*h. Suppose -h*o = 1 + 2, -o + 14 = 5*q. List the prime factors of 35 - (-3 - (3 - q)).
2, 19
Suppose 2*p - 643 = -i + 4364, -4*p + 2*i = -9994. List the prime factors of p.
41, 61
Let j = 1032 - 84. What are the prime factors of j?
2, 3, 79
What are the prime factors of 6639/4 - ((-118)/(-8) - 15)?
2, 5, 83
Let q(u) = -u**2 - 10*u + 16. Let x be q(-11). Let n = 6 + x. What are the prime factors of (-4 - (-4 - -3)) + n?
2
Let d(v) be the third derivative of v**4/12 + 7*v**3/3 + 13*v**2. What are the prime factors of d(6)?
2, 13
Let m = -436 + 2651. What are the prime factors of m?
5, 443
Suppose -4*p + 2*p = -12. Suppose p = -2*x - 0. What are the prime factors of x/9 - 10/(-3)?
3
Let h = -2743 + 4171. List the prime factors of h.
2, 3, 7, 17
Let k(g) = 4*g**3 - 17*g + 7. List the prime factors of k(6).
769
Let o = 969 + 818. What are the prime factors of o?
1787
Suppose 43613 + 6742 = 45*f. List the prime factors of f.
3, 373
Suppose 2*b = -l + 1097, 0 = -9*b + 4*b + l + 2739. List the prime factors of b.
2, 137
Suppose -16*d = -15*d - 4. List the prime factors of (-536)/(-30) + d/30.
2, 3
Let w(l) be the second derivative of -5*l**3/3 - 3*l**2 - 12*l. What are the prime factors of w(-7)?
2
Suppose -3*v - v - 26 = -2*m, 0 = 3*m - 4*v - 31. Suppose -5*z = 3*i + 14 + 13, 0 = -m*z + 15. What are the prime factors of 2/(-7) - 102/i?
7
Let g(t) = 19 - 4*t + 18 + 6*t. What are the prime factors of g(0)?
37
List the prime factors of 30/(-45) + -8*(-772)/12.
2, 257
Suppose -973 = -5*o + 2*o - 2*y, 5*y - 1295 = -4*o. What a